e 6) to base 10
4
-1111 (base 2) to base 16
-f
-31 (base 8) to base 15
-1a
-37 (base 15) to base 6
-124
-2 (base 13) to base 12
-2
-119 (base 16) to base 7
-551
Convert -101 (base 5) to base 3.
-222
What is 112 (base 4) in base 9?
24
What is -11 (base 3) in base 8?
-4
31 (base 12) to base 14
29
What is 0 (base 11) in base 13?
0
-24 (base 11) to base 10
-26
Convert -2 (base 16) to base 11.
-2
What is 92 (base 11) in base 16?
65
Convert 100 (base 2) to base 11.
4
14 (base 12) to base 3
121
Convert -3 (base 5) to base 4.
-3
Convert 5 (base 11) to base 9.
5
15 (base 11) to base 5
31
Convert -70 (base 9) to base 8.
-77
Convert 320 (base 4) to base 2.
111000
-166 (base 9) to base 5
-1031
Convert -7 (base 8) to base 6.
-11
-2 (base 11) to base 6
-2
What is 21 (base 12) in base 9?
27
What is 0 (base 13) in base 2?
0
What is 144 (base 5) in base 6?
121
0 (base 10) to base 6
0
Convert 15 (base 16) to base 9.
23
What is 3 (base 15) in base 9?
3
18 (base 13) to base 11
1a
Convert 12 (base 8) to base 4.
22
What is 3 (base 16) in base 13?
3
-2 (base 9) to base 5
-2
-2c (base 14) to base 5
-130
-16 (base 10) to base 5
-31
Convert -2 (base 3) to base 13.
-2
Convert -b3 (base 16) to base 12.
-12b
What is 17 (base 8) in base 15?
10
-2 (base 3) to base 4
-2
-250 (base 6) to base 5
-402
aa (base 13) to base 8
214
What is 72 (base 13) in base 12?
79
Convert 12 (base 10) to base 2.
1100
11 (base 5) to base 10
6
Convert 1033 (base 4) to base 14.
59
What is -124 (base 5) in base 15?
-29
What is 4 (base 13) in base 7?
4
Convert -3 (base 9) to base 15.
-3
What is 20 (base 3) in base 2?
110
Convert -5 (base 11) to base 15.
-5
-1 (base 5) to base 10
-1
Convert -1 (base 15) to base 11.
-1
What is 26 (base 14) in base 10?
34
302 (base 5) to base 8
115
What is 13 (base 11) in base 10?
14
10 (base 4) to base 9
4
What is 32 (base 4) in base 16?
e
What is 32 (base 4) in base 6?
22
-128 (base 15) to base 7
-524
Convert -c (base 16) to base 14.
-c
Convert -b (base 12) to base 13.
-b
Convert -21 (base 4) to base 12.
-9
-11 (base 5) to base 6
-10
Convert -2 (base 5) to base 11.
-2
What is -501 (base 9) in base 12?
-29a
-3 (base 6) to base 12
-3
-3 (base 9) to base 16
-3
Convert 1010 (base 2) to base 7.
13
0 (base 11) to base 12
0
Convert 0 (base 7) to base 5.
0
Convert -15 (base 11) to base 10.
-16
1001101 (base 2) to base 14
57
Convert -1 (base 8) to base 12.
-1
-8 (base 12) to base 3
-22
Convert 0 (base 14) to base 7.
0
What is -8 (base 16) in base 12?
-8
What is -5 (base 8) in base 14?
-5
What is -12 (base 6) in base 3?
-22
-6 (base 16) to base 3
-20
-1 (base 16) to base 8
-1
What is 12 (base 4) in base 13?
6
37 (base 8) to base 14
23
Convert 9 (base 15) to base 5.
14
-2c (base 15) to base 5
-132
Convert -7 (base 12) to base 4.
-13
-b (base 12) to base 10
-11
14 (base 6) to base 10
10
Convert 0 (base 2) to base 7.
0
-13 (base 7) to base 13
-a
What is 8 (base 15) in base 14?
8
-604 (base 7) to base 16
-12a
-4 (base 11) to base 16
-4
-3 (base 11) to base 16
-3
What is -50 (base 6) in base 5?
-110
Convert -3 (base 16) to base 4.
-3
-14 (base 12) to base 16
-10
-11121 (base 3) to base 7
-235
Convert 3 (base 7) to base 16.
3
Convert a (base 11) to base 2.
1010
Convert a7 (base 14) to base 16.
93
What is -4 (base 10) in base 2?
-100
Convert 145 (base 8) to base 4.
1211
0 (base 9) to base 7
0
What is -4 (base 13) in base 2?
-100
Convert -3 (base 16) to base 5.
-3
Convert -100100 (base 2) to base 5.
-121
-24 (base 8) to base 9
-22
120 (base 4) to base 2
11000
-13 (base 10) to base 4
-31
Convert -1 (base 13) to base 12.
-1
What is 4 (base 14) in base 13?
4
Convert -4 (base 13) to base 12.
-4
Convert 42 (base 8) to base 16.
22
Convert -16 (base 10) to base 12.
-14
3 (base 9) to base 13
3
Convert -13 (base 6) to base 3.
-100
What is 2 (base 14) in base 10?
2
22 (base 3) to base 7
11
-3 (base 16) to base 8
-3
What is c (base 16) in base 9?
13
What is 8 (base 16) in base 2?
1000
-6 (base 8) to base 13
-6
What is 5 (base 12) in base 3?
12
What is 3 (base 10) in base 12?
3
0 (base 14) to base 11
0
-12 (base 7) to base 13
-9
What is 87 (base 15) in base 2?
1111111
Convert -1 (base 14) to base 8.
-1
What is a (base 14) in base 12?
a
Convert -3 (base 7) to base 12.
-3
-2 (base 4) to base 14
-2
What is -1c (base 14) in base 5?
-101
-c (base 15) to base 8
-14
Convert -3b (base 15) to base 13.
-44
Convert 10 (base 2) to base 3.
2
Convert 1102 (base 3) to base 15.
28
What is 0 (base 14) in base 7?
0
What is -213 (base 8) in base 15?
-94
Convert -3022 (base 4) to base 8.
-312
Convert 101 (base 3) to base 2.
1010
2c (base 13) to base 7
53
What is -63 (base 7) in base 4?
-231
-41 (base 10) to base 2
-101001
What is 6 (base 7) in base 2?
110
11 (base 11) to base 12
10
Convert 221 (base 8) to base 5.
1040
What is -17 (base 12) in base 14?
-15
What is 6 (base 7) in base 3?
20
What is -11 (base 5) in base 10?
-6
-8c (base 14) to base 11
-103
24 (base 6) to base 2
10000
What is -8 (base 10) in base 16?
-8
Convert -110100 (base 2) to base 5.
-202
What is a (base 13) in base 11?
a
Convert -3 (base 5) to base 7.
-3
-13 (base 13) to base 6
-24
4 (base 10) to base 2
100
Convert -55 (base 10) to base 14.
-3d
What is -5 (base 11) in base 15?
-5
What is -1001 (base 2) in base 4?
-21
What is 3 (base 12) in base 13?
3
26 (base 13) to base 15
22
What is 1b (base 12) in base 3?
212
What is 0 (base 8) in base 10?
0
What is ed (base 15) in base 7?
436
-6 (base 14) to base 5
-11
Convert 2 (base 6) to base 13.
2
Convert 27 (base 8) to base 10.
23
173 (base 10) to base 11
148
Convert 10 (base 12) to base 16.
c
14 (base 13) to base 14
13
81 (base 9) to base 7
133
What is 101001 (base 2) in base 11?
38
What is 43 (base 12) in base 11?
47
2 (base 6) to base 14
2
-1011111 (base 2) to base 16
-5f
100120 (base 3) to base 6
1110
20 (base 5) to base 2
1010
a (base 12) to base 2
1010
What is -3 (base 5) in base 9?
-3
What is 69 (base 10) in base 6?
153
Convert 5 (base 8) to base 13.
5
-3 (base 10) to base 9
-3
-4 (base 11) to base 13
-4
Convert 10 (base 3) to base 16.
3
1025 (base 6) to base 5
1413
What is -15 (base 11) in base 5?
-31
1 (base 2) to base 12
1
Convert 4 (base 9) to base 15.
4
0 (base 2) to base 12
0
Convert 33 (base 10) to base 8.
41
What is 0 (base 13) in base 3?
0
What is -210 (base 3) in base 5?
-41
1 (base 10) to base 11
1
-1110 (base 4) to base 6
-220
What is 2 (base 7) in base 3?
2
-15 (base 11) to base 8
-20
What is 210 (base 5) in base 15?
3a
Convert -c (base 16) to base 4.
-30
Convert -2 (base 12) to base 7.
-2
5 (base 10) to base 13
5
102 (base 4) to base 11
17
What is 0 (base 16) in base 8?
0
-3 (base 5) to base 7
-3
4 (base 10) to base 6
4
11 (base 7) to base 10
8
-1112 (base 4) to base 3
-10012
What is 360 (base 7) in base 14?
d7
0 (base 12) to base 5
0
-3 (base 10) to base 8
-3
Convert 1 (base 6) to base 12.
1
Convert -3b (base 14) to base 5.
-203
-181 (base 13) to base 3
-101011
Convert -ba (base 16) to base 12.
-136
Convert 32 (base 5) to base 11.
16
Convert 16e (base 15) to base 3.
110012
What is 7 (base 12) in base 15?
7
What is 4 (base 7) in base 10?
4
-124 (base 5) to base 9
-43
-8 (base 13) to base 4
-20
What is -41 (base 9) in base 4?
-211
-20 (base 8) to base 10
-16
Convert -1 (base 4) to base 14.
-1
What is 0 (base 14) in base 3?
0
What is 12001 (base 3) in base 4?
2020
37 (base 15) to base 3
1221
2 (base 15) to base 7
2
Convert 16 (base 14) to base 9.
22
1204 (base 5) to base 4
2303
2010 (base 3) to base 6
133
What is -20 (base 10) in base 2?
-10100
Convert 5 (base 11) to base 2.
101
8 (base 12) to base 7
11
12 (base 9) to base 7
14
-3 (base 15) to base 7
-3
16 (base 10) to base 13
13
What is -2 (base 11) in base 10?
-2
Convert 101111 (base 2) to base 7.
65
Convert 5 (base 11) to base 10.
5
-4d (base 16) to base 3
-2212
3d (base 14) to base 12
47
-2 (base 14) to base 7
-2
-209 (base 10) to base 2
-11010001
Convert 21 (base 13) to base 10.
27
30 (base 9) to base 11
25
Convert 133 (base 8) to base 3.
10101
Convert 271 (base 11) to base 16.
140
-157 (base 8) to base 10
-111
Convert -103 (base 5) to base 6.
-44
Convert -5 (base 16) to base 5.
-10
Convert -141 (base 5) to base 9.
-51
What is 2010 (base 4) in base 10?
132
-b (base 12) to base 3
-102
34 (base 8) to base 4
130
-1e (base 16) to ba